hest common factor of 4750 and 2257390.
190
Calculate the highest common factor of 511 and 4362918.
511
What is the greatest common factor of 552730 and 15624?
62
What is the highest common factor of 317881006 and 3596?
1798
What is the greatest common divisor of 6183002 and 332?
166
What is the highest common factor of 93 and 583891355?
31
Calculate the highest common divisor of 35765128 and 504.
56
What is the greatest common divisor of 27 and 939087?
27
Calculate the greatest common factor of 2423343 and 156.
39
What is the greatest common divisor of 987636 and 168324?
2028
Calculate the highest common factor of 9 and 145154703.
3
Calculate the highest common factor of 3100472 and 470592.
344
What is the greatest common divisor of 434416131 and 18?
9
Calculate the greatest common divisor of 800839 and 4498.
13
What is the greatest common factor of 1298068980 and 30?
30
What is the highest common factor of 1524 and 400812?
1524
What is the highest common factor of 4725745 and 5565?
265
Calculate the highest common factor of 71 and 254889361.
71
Calculate the highest common factor of 2866394 and 134.
134
What is the greatest common divisor of 15297597 and 315?
63
What is the greatest common factor of 408 and 8656791?
51
Calculate the highest common factor of 524156535 and 945.
945
Calculate the highest common factor of 18 and 92377722.
6
What is the greatest common factor of 17327688 and 2044?
28
Calculate the highest common factor of 1376 and 37792.
32
What is the greatest common divisor of 189538 and 6402?
194
What is the greatest common divisor of 19308242 and 11464?
2866
What is the greatest common divisor of 308 and 11800250?
154
What is the greatest common divisor of 56 and 918440?
8
Calculate the greatest common divisor of 5544628 and 4842.
538
What is the highest common factor of 30 and 32276595?
15
What is the greatest common divisor of 1325 and 13736169?
53
Calculate the greatest common divisor of 16 and 5188360.
8
What is the greatest common factor of 161614 and 582661?
4253
Calculate the highest common divisor of 30096 and 9753612.
2508
What is the highest common factor of 456382 and 111197?
527
What is the greatest common divisor of 51058 and 2609168?
1042
Calculate the highest common divisor of 16318 and 154406.
82
Calculate the highest common divisor of 1505371 and 13363.
581
What is the greatest common divisor of 28188 and 1810876?
116
Calculate the greatest common divisor of 592 and 597957.
37
Calculate the highest common divisor of 9328 and 33178.
106
What is the highest common factor of 193105363 and 1309?
187
What is the greatest common factor of 22674738 and 9954?
474
What is the greatest common factor of 24 and 663813544?
8
Calculate the highest common divisor of 216 and 3933252.
108
Calculate the highest common factor of 9295524 and 216.
36
Calculate the highest common divisor of 582245 and 136950.
415
Calculate the highest common factor of 188098775 and 1025.
1025
Calculate the highest common divisor of 588924 and 1785468.
9348
Calculate the highest common factor of 2963034 and 3441.
111
Calculate the highest common factor of 1046275 and 750.
25
Calculate the greatest common divisor of 1134 and 17252109.
567
Calculate the greatest common divisor of 2 and 11973487.
1
What is the greatest common factor of 44049615 and 6705?
2235
Calculate the greatest common divisor of 568 and 3659269.
71
What is the highest common factor of 13345 and 134215?
85
Calculate the greatest common factor of 845246 and 186.
62
What is the highest common factor of 490051071 and 727?
727
What is the highest common factor of 18630 and 5658690?
690
What is the highest common divisor of 4869275 and 325?
25
Calculate the highest common divisor of 39448416 and 2016.
672
What is the highest common divisor of 352 and 2716648?
88
Calculate the highest common divisor of 222 and 3727012590.
222
Calculate the greatest common factor of 15886 and 10620402.
1222
Calculate the highest common divisor of 6339382 and 175.
7
What is the greatest common divisor of 4921 and 20705459?
703
Calculate the highest common factor of 10915 and 2892623.
37
What is the greatest common divisor of 38760303 and 7170?
717
Calculate the highest common divisor of 44113135 and 871.
67
What is the highest common divisor of 819533262 and 426?
426
What is the greatest common divisor of 22016 and 126502560?
1376
What is the greatest common factor of 34086 and 706173?
741
What is the highest common factor of 71604 and 1059318?
2106
Calculate the highest common divisor of 3876 and 25092768.
228
What is the greatest common factor of 795986 and 494?
38
Calculate the highest common factor of 3912465 and 4020.
1005
What is the highest common factor of 8939 and 20937692?
1277
Calculate the greatest common factor of 436518377 and 9914.
4957
What is the greatest common divisor of 937586352 and 9453?
9453
What is the greatest common factor of 15439914 and 6495?
1299
What is the highest common factor of 47051285 and 5?
5
What is the greatest common divisor of 14 and 39123511?
7
What is the highest common divisor of 96625903 and 11?
11
What is the highest common divisor of 33401 and 52451?
127
Calculate the highest common divisor of 119 and 15596701.
17
Calculate the highest common divisor of 1866 and 21172258.
622
What is the highest common factor of 91 and 12391067?
13
What is the highest common factor of 1663272 and 49608?
936
Calculate the highest common divisor of 342328 and 1904.
56
Calculate the greatest common divisor of 21105 and 99716435.
2345
What is the highest common divisor of 5152 and 289696?
32
What is the greatest common factor of 5 and 135230575?
5
Calculate the greatest common divisor of 1434 and 460516911.
717
What is the highest common divisor of 10386464 and 48?
16
What is the greatest common factor of 1634 and 502026892?
1634
Calculate the highest common divisor of 2447671590 and 8190.
8190
What is the greatest common divisor of 4077936 and 1488?
48
Calculate the greatest common factor of 767 and 184873.
13
Calculate the greatest common factor of 42 and 38539944.
6
What is the highest common divisor of 675464 and 34684?
92
Calculate the greatest common factor of 1928 and 61784.
8
Calculate the greatest common divisor of 521556 and 8652.
84
Calculate the greatest common divisor of 503460270 and 3060.
1530
Calculate the greatest common divisor of 450288 and 3021.
159
Calculate the highest common factor of 5746 and 3864780.
34
Calculate the greatest common factor of 68430 and 530.
10
What is the greatest common divisor of 155178 and 493028?
466
What is the highest common factor of 1172770 and 16720?
10
What is the highest common divisor of 56292880 and 84?
28
Calculate the highest common factor of 1285 and 55903154.
257
Calculate the greatest common factor of 2660726 and 553382.
2042
What is the greatest common divisor of 2835 and 31710285?
405
Calculate the highest common factor of 5018590 and 2170.
310
What is the highest common divisor of 4068 and 19188?
36
Calculate the greatest common factor of 3610 and 28712496.
722
What is the greatest common factor of 1767780 and 11102?
854
Calculate the greatest common divisor of 159242730 and 1609.
1609
Calculate the greatest common factor of 117 and 47066916.
39
Calculate the greatest common divisor of 39602329 and 39.
13
What is the highest common divisor of 3549 and 6440739396?
3549
Calculate the greatest common factor of 6401535 and 2583.
861
What is the highest common factor of 6333 and 109731891?
6333
Calculate the highest common divisor of 194711 and 74801.
571
Calculate the greatest common factor of 8640373 and 8260.
413
What is the greatest common factor of 12762414 and 39501?
3591
What is the greatest common divisor of 3220 and 95473460?
460
What is the highest common divisor of 1393334 and 33640?
58
Calculate the highest common divisor of 81 and 291253806.
81
What is the highest common factor of 3509 and 3566159?
29
What is the highest common divisor of 124127154 and 4429?
4429
What is the greatest common factor of 1936 and 10595992?
88
What is the greatest common divisor of 1881 and 770697?
171
What is the greatest common factor of 567412 and 4?
4
What is the highest common factor of 8492 and 53768?
44
What is the great